 -5?
-149c4
In base 12, what is 2a - -298?
306
In base 16, what is -ca + 51d?
453
In base 5, what is -1333321 - 2?
-1333323
In base 14, what is 1dd9a - 1?
1dd99
In base 7, what is -211 + -5616?
-6130
In base 11, what is -3 + 98438?
98435
In base 9, what is 0 + -15805?
-15805
In base 10, what is -4 - -3337?
3333
In base 2, what is 100000011 - -11010?
100011101
In base 4, what is -311 + 33311?
33000
In base 2, what is 110100100010111 + 10011?
110100100101010
In base 8, what is 10 - 35244?
-35234
In base 15, what is -4ac2 - -5?
-4abc
In base 12, what is 10a41a + 9?
10a427
In base 7, what is 33 + 6142?
6205
In base 12, what is 87766 - 2?
87764
In base 9, what is -5 - -15712?
15706
In base 13, what is -970 - 1b1?
-b51
In base 8, what is -342401 - -11?
-342370
In base 8, what is 10762561 + 0?
10762561
In base 6, what is 1412 + -2145?
-333
In base 9, what is 751 - 32?
718
In base 14, what is 37d1 + -4?
37cb
In base 5, what is -2 + 1134134?
1134132
In base 8, what is -36301 - 74?
-36375
In base 15, what is 12b4a - 4?
12b46
In base 5, what is -2041 + -34230?
-41321
In base 6, what is -2213 + -2?
-2215
In base 10, what is -37112 - -1?
-37111
In base 3, what is 1021 - -1201201111?
1201202202
In base 6, what is 2520 - -5?
2525
In base 10, what is 5484 + 422?
5906
In base 15, what is -a77b1 + 5?
-a77ab
In base 12, what is 38 - 1556?
-151a
In base 4, what is -1333223 - 3?
-1333232
In base 16, what is 170 - 1b?
155
In base 4, what is 2220 + -103101?
-100221
In base 7, what is 1133022 - 2?
1133020
In base 12, what is -b39499 + 4?
-b39495
In base 8, what is -13 + -234?
-247
In base 10, what is 829782 + 0?
829782
In base 10, what is -6910 + 410?
-6500
In base 2, what is -1000011 + 1001?
-111010
In base 8, what is -4 + 64550?
64544
In base 15, what is -31 + -515?
-546
In base 12, what is 4558b + -5?
45586
In base 3, what is -1012101200 - -1121?
-1012100002
In base 14, what is 5 + 705ca?
705d1
In base 3, what is -100 - -2101220?
2101120
In base 6, what is -404431 + 3?
-404424
In base 15, what is -1db5c + -35?
-1db92
In base 6, what is -3015 - 3104?
-10123
In base 8, what is 5 + 530435?
530442
In base 14, what is 1a7 - -5c?
225
In base 5, what is 10020 + 11023?
21043
In base 11, what is 391102 + 4?
391106
In base 9, what is -48 - 31614?
-31663
In base 10, what is 4 - 84879?
-84875
In base 10, what is 190303 + -44?
190259
In base 12, what is -963a + -2b?
-9669
In base 3, what is 202212121 + -12?
202212102
In base 7, what is 1 - -621?
622
In base 2, what is 110 + 10110011001000111?
10110011001001101
In base 5, what is -203 + -2412?
-3120
In base 6, what is 120004 + 435?
120443
In base 14, what is 2d3b - 3?
2d38
In base 2, what is 1001101011 - -1101101?
1011011000
In base 9, what is -2 - -367?
365
In base 15, what is 8d - -4?
92
In base 2, what is -1001000100 + -110110?
-1001111010
In base 11, what is -6 + -264109?
-264114
In base 6, what is 4440 - 5?
4431
In base 2, what is 110 + -10001111110?
-10001111000
In base 4, what is 1 - -103003033?
103003100
In base 8, what is 251143 + 0?
251143
In base 14, what is -4 + 3742?
373c
In base 3, what is 10110202 + 10?
10110212
In base 3, what is 100011112 + -12?
100011100
In base 9, what is -4630 + 33?
-4586
In base 14, what is 1097b + -23?
10958
In base 8, what is 26030 + 143?
26173
In base 2, what is 1011000001001101 + 101101?
1011000001111010
In base 7, what is -1242443 - 1?
-1242444
In base 16, what is 9807 - 3?
9804
In base 3, what is 1201 - -1202020021?
1202021222
In base 12, what is 5521a + -3?
55217
In base 12, what is -9a702 + 2?
-9a700
In base 12, what is 95 - 2585?
-24b0
In base 9, what is 3 + 1362354?
1362357
In base 10, what is -25686 - -51?
-25635
In base 16, what is 5 + -30a5?
-30a0
In base 11, what is -663636 + 4?
-663632
In base 2, what is 1 - -101001001001010100?
101001001001010101
In base 2, what is 100 + 1101100100111001101?
1101100100111010001
In base 12, what is -53 - 1343?
-1396
In base 5, what is 1433 + -1031?
402
In base 9, what is -13820 - -2?
-13817
In base 11, what is -5 - 6107a8?
-610802
In base 8, what is 333 + 353?
706
In base 3, what is -1221 + -22212?
-101210
In base 16, what is 22d2 - -13?
22e5
In base 15, what is 58 + 177?
1d0
In base 7, what is -4510 + 1330?
-3150
In base 12, what is -1 - -2b1a?
2b19
In base 4, what is -103032023 - -21?
-103032002
In base 7, what is 5446 - 2014?
3432
In base 11, what is 5063 - 19?
5045
In base 10, what is 5416 + 14?
5430
In base 5, what is -22 + 123410?
123333
In base 5, what is 10 + -144011?
-144001
In base 11, what is 2324 + -138?
2197
In base 12, what is -3b5 - 7137?
-7530
In base 11, what is -9 - 135?
-143
In base 7, what is -114 + 126102?
125655
In base 12, what is -79491 + -8?
-79499
In base 8, what is 37204 - 5?
37177
In base 10, what is -4518 + -521?
-5039
In base 13, what is 3469 - -136?
35a2
In base 11, what is -5 - 9954?
-9959
In base 4, what is -112031 - 10?
-112101
In base 3, what is 2102221102 + -2?
2102221100
In base 6, what is -2235131 + 15?
-2235112
In base 10, what is -3 - 671766?
-671769
In base 7, what is 11132 + 20?
11152
In base 10, what is 988 - -215?
1203
In base 15, what is d052e - 1?
d052d
In base 7, what is -1264 - 125?
-1422
In base 7, what is -26 - -34416?
34360
In base 10, what is -62661 + 0?
-62661
In base 3, what is -21 + 1210010121?
1210010100
In base 16, what is -3 + f961?
f95e
In base 7, what is -465 + 1462?
664
In base 15, what is 4bb1 + -1?
4bb0
In base 16, what is -154c9 - -1?
-154c8
In base 10, what is -133 - -152?
19
In base 6, what is -4005 - -13?
-3552
In base 4, what is 3011321 + -3?
3011312
In base 7, what is 2 + 3263614?
3263616
In base 11, what is 921 - -24?
945
In base 14, what is 28 - 4822?
-47d8
In base 9, what is -1436 - 187?
-1634
In base 14, what is -3b90 + -101?
-3c91
In base 9, what is -5 + 363036?
363031
In base 13, what is -6bc86 + 5?
-6bc81
In base 5, what is 323 + -21013?
-20140
In base 7, what is -40336535 - -3?
-40336532
In base 15, what is -1 + -59ea5?
-59ea6
In base 15, what is -7e79 - 0?
-7e79
In base 6, what is -34411 + -2?
-34413
In base 11, what is 2543 - 6?
2538
In base 6, what is -555104 + -14?
-555122
In base 15, what is 40b + 7b?
487
In base 9, what is 4 + -25302?
-25287
In base 10, what is -1328 - 19?
-1347
In base 9, what is -11 - -56203?
56182
In base 7, what is 215665 - -26?
216024
In base 6, what is -24305 + 2234?
-22031
In base 14, what is -7d59 + -3?
-7d5c
In base 11, what is -1 + -29140?
-29141
In base 15, what is 11 + 18c98?
18ca9
In base 3, what is 122022 - 1120222?
-221200
In base 4, what is 3 + 33312333?
33313002
In base 13, what is -cc2 + 1?
-cc1
In base 15, what is -10 + -9b37?
-9b47
In base 8, what is -2222566 + -5?
-2222573
In base 16, what is -36 + -2c5f?
-2c95
In base 10, what is 3 - 791307?
-791304
In base 8, what is -141 - -20031?
17670
In base 12, what is 3156 - -13a?
3294
In base 12, what is 306 - -205?
50b
In base 6, what is 100441252 - -2?
100441254
In base 6, what is 1113242 - -1?
1113243
In base 13, what is -27a + -cc?
-379
In base 4, what is -10 - -1121012?
1121002
In base 13, what is 23 + -7272?
-724c
In base 13, what is -2bc9b - -3?
-2bc98
In base 9, what is -43571 + -5?
-43576
In base 15, what is 40d - 434?
-26
In base 12, what is -9144 + -190?
-9314
In base 2, what is -100010001011100011 + -1000?
-100010001011101011
In base 11, what is -301 - 18?
-319
In base 8, what is -55341 + 6?
-55333
In base 16, what is -229d6 + b?
-229cb
In base 2, what is 101010000111 - -100?
101010001011
In base 4, what is 102201230110 + 2?
102201230112
In base 6, what is 20 + -134420?
-134400
In base 5, what is -230313 - 1?
-230314
In base 15, what is -d5 + -288?
-36d
In base 16, what is -7ea77 - -6?
-7ea71
In base 6, what is 1 + 534051?
534052
In base 11, what is -2a3 - -402?
10a
In base 3, what is 0 - -12002012212?
12002012212
In base 14, what is 83 + -17b5?
-1732
In base 3, what is -12 - 22000022?
-22000111
In base 14, what is 4 + -8d2?
-8cc
In base 9, what is 5 + 182771?
182776
In base 3, what is 1202220 + -1212211?
-2221
In base 2, what is -100001110100010110 + 0?
-100001110100010110
In base 15, what is -c404 - -a?
-c3e9
In base 10, what is -16056 - 33?
-16089
In base 11, what is 7 - -3a06?
3a12
In base 16, what is 6194 + 76?
620a
In base 12, what is 2465 - 23?
2442
In base 